{"id":16,"date":"2024-12-05T03:30:50","date_gmt":"2024-12-05T03:30:50","guid":{"rendered":"https:\/\/dicahoje.com\/?page_id=16"},"modified":"2024-12-06T02:18:32","modified_gmt":"2024-12-06T02:18:32","slug":"politica-de-cookies","status":"publish","type":"page","link":"https:\/\/dicahoje.com\/index.php\/politica-de-cookies\/","title":{"rendered":"Pol\u00edtica de Cookies"},"content":{"rendered":"\n<p>No <strong>Dica de Hoje<\/strong>, usamos cookies para melhorar sua experi\u00eancia de navega\u00e7\u00e3o, personalizar conte\u00fados e analisar o desempenho do nosso site. Ao acessar e usar nosso blog, voc\u00ea concorda com o uso de cookies conforme descrito nesta pol\u00edtica.<\/p>\n\n\n\n<h2 class=\"wp-block-heading\">O que s\u00e3o cookies?<\/h2>\n\n\n\n<p>Cookies s\u00e3o pequenos arquivos de texto armazenados no seu dispositivo (computador, tablet ou smartphone) quando voc\u00ea visita um site. Eles ajudam o site a lembrar informa\u00e7\u00f5es sobre sua visita, tornando sua navega\u00e7\u00e3o mais eficiente e personalizada.<\/p>\n\n\n\n<h2 class=\"wp-block-heading\">Como usamos cookies?<\/h2>\n\n\n\n<p>Utilizamos cookies para:<\/p>\n\n\n\n<ul class=\"wp-block-list\">\n<li><strong>Funcionalidade<\/strong>: Garantir que o site funcione corretamente.<\/li>\n\n\n\n<li><strong>An\u00e1lise<\/strong>: Entender como os visitantes interagem com o site, ajudando-nos a melhorar o conte\u00fado e a experi\u00eancia.<\/li>\n\n\n\n<li><strong>Marketing<\/strong>: Exibir an\u00fancios relevantes e personalizados com base nos seus interesses.<\/li>\n<\/ul>\n\n\n\n<h2 class=\"wp-block-heading\">Tipos de cookies que utilizamos<\/h2>\n\n\n\n<ol class=\"wp-block-list\">\n<li><strong>Cookies Essenciais<\/strong>: Necess\u00e1rios para o funcionamento b\u00e1sico do site.<\/li>\n\n\n\n<li><strong>Cookies de Desempenho<\/strong>: Coletam informa\u00e7\u00f5es sobre como voc\u00ea usa o site, como p\u00e1ginas visitadas e erros encontrados.<\/li>\n\n\n\n<li><strong>Cookies de Publicidade<\/strong>: Usados para personalizar an\u00fancios e medir sua efic\u00e1cia.<\/li>\n<\/ol>\n\n\n\n<h2 class=\"wp-block-heading\">Gerenciar ou desativar cookies<\/h2>\n\n\n\n<p>Voc\u00ea pode configurar seu navegador para bloquear ou excluir cookies. No entanto, isso pode afetar algumas funcionalidades do site. Confira as instru\u00e7\u00f5es nos links abaixo para os navegadores mais populares:<\/p>\n\n\n\n<h2 class=\"wp-block-heading\">Cookies de terceiros<\/h2>\n\n\n\n<p>Alguns cookies podem ser fornecidos por terceiros, como ferramentas de an\u00e1lise (ex.: Google Analytics) ou plataformas de an\u00fancios (ex.: Google Ads, Facebook Pixel). Recomendamos que voc\u00ea revise as pol\u00edticas de privacidade dessas empresas para entender como os dados s\u00e3o usados.<\/p>\n\n\n\n<h2 class=\"wp-block-heading\">Atualiza\u00e7\u00f5es nesta pol\u00edtica<\/h2>\n\n\n\n<p>Esta pol\u00edtica pode ser atualizada periodicamente para refletir mudan\u00e7as no uso de cookies. Recomendamos que voc\u00ea consulte esta p\u00e1gina regularmente.<\/p>\n\n\n\n<h2 class=\"wp-block-heading\">Contato<\/h2>\n\n\n\n<p>Se tiver d\u00favidas sobre esta pol\u00edtica, entre em contato conosco atrav\u00e9s da p\u00e1gina de <a href=\"https:\/\/dicahoje.com\/index.php\/contato\/\" data-type=\"page\" data-id=\"9\">contato<\/a>.<\/p>\n\n\n\n<p><\/p>\n","protected":false},"excerpt":{"rendered":"<p>No Dica de Hoje, usamos cookies para melhorar sua experi\u00eancia de navega\u00e7\u00e3o, personalizar conte\u00fados e analisar o desempenho do nosso [&hellip;]<\/p>\n","protected":false},"author":1,"featured_media":0,"parent":0,"menu_order":0,"comment_status":"closed","ping_status":"closed","template":"","meta":{"site-sidebar-layout":"default","site-content-layout":"","ast-site-content-layout":"default","site-content-style":"default","site-sidebar-style":"default","ast-global-header-display":"","ast-banner-title-visibility":"","ast-main-header-display":"","ast-hfb-above-header-display":"","ast-hfb-below-header-display":"","ast-hfb-mobile-header-display":"","site-post-title":"","ast-breadcrumbs-content":"","ast-featured-img":"","footer-sml-layout":"","theme-transparent-header-meta":"","adv-header-id-meta":"","stick-header-meta":"","header-above-stick-meta":"","header-main-stick-meta":"","header-below-stick-meta":"","astra-migrate-meta-layouts":"default","ast-page-background-enabled":"default","ast-page-background-meta":{"desktop":{"background-color":"var(--ast-global-color-4)","background-image":"","background-repeat":"repeat","background-position":"center center","background-size":"auto","background-attachment":"scroll","background-type":"","background-media":"","overlay-type":"","overlay-color":"","overlay-opacity":"","overlay-gradient":""},"tablet":{"background-color":"","background-image":"","background-repeat":"repeat","background-position":"center center","background-size":"auto","background-attachment":"scroll","background-type":"","background-media":"","overlay-type":"","overlay-color":"","overlay-opacity":"","overlay-gradient":""},"mobile":{"background-color":"","background-image":"","background-repeat":"repeat","background-position":"center center","background-size":"auto","background-attachment":"scroll","background-type":"","background-media":"","overlay-type":"","overlay-color":"","overlay-opacity":"","overlay-gradient":""}},"ast-content-background-meta":{"desktop":{"background-color":"var(--ast-global-color-5)","background-image":"","background-repeat":"repeat","background-position":"center center","background-size":"auto","background-attachment":"scroll","background-type":"","background-media":"","overlay-type":"","overlay-color":"","overlay-opacity":"","overlay-gradient":""},"tablet":{"background-color":"var(--ast-global-color-5)","background-image":"","background-repeat":"repeat","background-position":"center center","background-size":"auto","background-attachment":"scroll","background-type":"","background-media":"","overlay-type":"","overlay-color":"","overlay-opacity":"","overlay-gradient":""},"mobile":{"background-color":"var(--ast-global-color-5)","background-image":"","background-repeat":"repeat","background-position":"center center","background-size":"auto","background-attachment":"scroll","background-type":"","background-media":"","overlay-type":"","overlay-color":"","overlay-opacity":"","overlay-gradient":""}},"footnotes":""},"class_list":["post-16","page","type-page","status-publish","hentry"],"yoast_head":"<!-- This site is optimized with the Yoast SEO plugin v27.0 - https:\/\/yoast.com\/product\/yoast-seo-wordpress\/ -->\n<title>Pol\u00edtica de Cookies - Dica de Hoje<\/title>\n<meta name=\"robots\" content=\"index, follow, max-snippet:-1, max-image-preview:large, max-video-preview:-1\" \/>\n<link rel=\"canonical\" href=\"https:\/\/dicahoje.com\/index.php\/politica-de-cookies\/\" \/>\n<meta property=\"og:locale\" content=\"pt_BR\" \/>\n<meta property=\"og:type\" content=\"article\" \/>\n<meta property=\"og:title\" content=\"Pol\u00edtica de Cookies - Dica de Hoje\" \/>\n<meta property=\"og:description\" content=\"No Dica de Hoje, usamos cookies para melhorar sua experi\u00eancia de navega\u00e7\u00e3o, personalizar conte\u00fados e analisar o desempenho do nosso [&hellip;]\" \/>\n<meta property=\"og:url\" content=\"https:\/\/dicahoje.com\/index.php\/politica-de-cookies\/\" \/>\n<meta property=\"og:site_name\" content=\"Dica de Hoje\" \/>\n<meta property=\"article:modified_time\" content=\"2024-12-06T02:18:32+00:00\" \/>\n<meta name=\"twitter:card\" content=\"summary_large_image\" \/>\n<meta name=\"twitter:label1\" content=\"Est. tempo de leitura\" \/>\n\t<meta name=\"twitter:data1\" content=\"2 minutos\" \/>\n<script type=\"application\/ld+json\" class=\"yoast-schema-graph\">{\"@context\":\"https:\/\/schema.org\",\"@graph\":[{\"@type\":\"WebPage\",\"@id\":\"https:\/\/dicahoje.com\/index.php\/politica-de-cookies\/\",\"url\":\"https:\/\/dicahoje.com\/index.php\/politica-de-cookies\/\",\"name\":\"Pol\u00edtica de Cookies - Dica de Hoje\",\"isPartOf\":{\"@id\":\"https:\/\/dicahoje.com\/#website\"},\"datePublished\":\"2024-12-05T03:30:50+00:00\",\"dateModified\":\"2024-12-06T02:18:32+00:00\",\"breadcrumb\":{\"@id\":\"https:\/\/dicahoje.com\/index.php\/politica-de-cookies\/#breadcrumb\"},\"inLanguage\":\"pt-BR\",\"potentialAction\":[{\"@type\":\"ReadAction\",\"target\":[\"https:\/\/dicahoje.com\/index.php\/politica-de-cookies\/\"]}]},{\"@type\":\"BreadcrumbList\",\"@id\":\"https:\/\/dicahoje.com\/index.php\/politica-de-cookies\/#breadcrumb\",\"itemListElement\":[{\"@type\":\"ListItem\",\"position\":1,\"name\":\"In\u00edcio\",\"item\":\"https:\/\/dicahoje.com\/\"},{\"@type\":\"ListItem\",\"position\":2,\"name\":\"Pol\u00edtica de Cookies\"}]},{\"@type\":\"WebSite\",\"@id\":\"https:\/\/dicahoje.com\/#website\",\"url\":\"https:\/\/dicahoje.com\/\",\"name\":\"Dica de Hoje\",\"description\":\"Sua Dica de Hoje est\u00e1 aqui!\",\"publisher\":{\"@id\":\"https:\/\/dicahoje.com\/#organization\"},\"potentialAction\":[{\"@type\":\"SearchAction\",\"target\":{\"@type\":\"EntryPoint\",\"urlTemplate\":\"https:\/\/dicahoje.com\/?s={search_term_string}\"},\"query-input\":{\"@type\":\"PropertyValueSpecification\",\"valueRequired\":true,\"valueName\":\"search_term_string\"}}],\"inLanguage\":\"pt-BR\"},{\"@type\":\"Organization\",\"@id\":\"https:\/\/dicahoje.com\/#organization\",\"name\":\"Dica de Hoje\",\"url\":\"https:\/\/dicahoje.com\/\",\"logo\":{\"@type\":\"ImageObject\",\"inLanguage\":\"pt-BR\",\"@id\":\"https:\/\/dicahoje.com\/#\/schema\/logo\/image\/\",\"url\":\"https:\/\/dicahoje.com\/wp-content\/uploads\/2024\/12\/cropped-DICA-DE.png\",\"contentUrl\":\"https:\/\/dicahoje.com\/wp-content\/uploads\/2024\/12\/cropped-DICA-DE.png\",\"width\":\"1010\",\"height\":\"322\",\"caption\":\"Dica de Hoje\"},\"image\":{\"@id\":\"https:\/\/dicahoje.com\/#\/schema\/logo\/image\/\"}}]}<\/script>\n<!-- \/ Yoast SEO plugin. -->","yoast_head_json":{"title":"Pol\u00edtica de Cookies - Dica de Hoje","robots":{"index":"index","follow":"follow","max-snippet":"max-snippet:-1","max-image-preview":"max-image-preview:large","max-video-preview":"max-video-preview:-1"},"canonical":"https:\/\/dicahoje.com\/index.php\/politica-de-cookies\/","og_locale":"pt_BR","og_type":"article","og_title":"Pol\u00edtica de Cookies - Dica de Hoje","og_description":"No Dica de Hoje, usamos cookies para melhorar sua experi\u00eancia de navega\u00e7\u00e3o, personalizar conte\u00fados e analisar o desempenho do nosso [&hellip;]","og_url":"https:\/\/dicahoje.com\/index.php\/politica-de-cookies\/","og_site_name":"Dica de Hoje","article_modified_time":"2024-12-06T02:18:32+00:00","twitter_card":"summary_large_image","twitter_misc":{"Est. tempo de leitura":"2 minutos"},"schema":{"@context":"https:\/\/schema.org","@graph":[{"@type":"WebPage","@id":"https:\/\/dicahoje.com\/index.php\/politica-de-cookies\/","url":"https:\/\/dicahoje.com\/index.php\/politica-de-cookies\/","name":"Pol\u00edtica de Cookies - Dica de Hoje","isPartOf":{"@id":"https:\/\/dicahoje.com\/#website"},"datePublished":"2024-12-05T03:30:50+00:00","dateModified":"2024-12-06T02:18:32+00:00","breadcrumb":{"@id":"https:\/\/dicahoje.com\/index.php\/politica-de-cookies\/#breadcrumb"},"inLanguage":"pt-BR","potentialAction":[{"@type":"ReadAction","target":["https:\/\/dicahoje.com\/index.php\/politica-de-cookies\/"]}]},{"@type":"BreadcrumbList","@id":"https:\/\/dicahoje.com\/index.php\/politica-de-cookies\/#breadcrumb","itemListElement":[{"@type":"ListItem","position":1,"name":"In\u00edcio","item":"https:\/\/dicahoje.com\/"},{"@type":"ListItem","position":2,"name":"Pol\u00edtica de Cookies"}]},{"@type":"WebSite","@id":"https:\/\/dicahoje.com\/#website","url":"https:\/\/dicahoje.com\/","name":"Dica de Hoje","description":"Sua Dica de Hoje est\u00e1 aqui!","publisher":{"@id":"https:\/\/dicahoje.com\/#organization"},"potentialAction":[{"@type":"SearchAction","target":{"@type":"EntryPoint","urlTemplate":"https:\/\/dicahoje.com\/?s={search_term_string}"},"query-input":{"@type":"PropertyValueSpecification","valueRequired":true,"valueName":"search_term_string"}}],"inLanguage":"pt-BR"},{"@type":"Organization","@id":"https:\/\/dicahoje.com\/#organization","name":"Dica de Hoje","url":"https:\/\/dicahoje.com\/","logo":{"@type":"ImageObject","inLanguage":"pt-BR","@id":"https:\/\/dicahoje.com\/#\/schema\/logo\/image\/","url":"https:\/\/dicahoje.com\/wp-content\/uploads\/2024\/12\/cropped-DICA-DE.png","contentUrl":"https:\/\/dicahoje.com\/wp-content\/uploads\/2024\/12\/cropped-DICA-DE.png","width":"1010","height":"322","caption":"Dica de Hoje"},"image":{"@id":"https:\/\/dicahoje.com\/#\/schema\/logo\/image\/"}}]}},"_links":{"self":[{"href":"https:\/\/dicahoje.com\/index.php\/wp-json\/wp\/v2\/pages\/16","targetHints":{"allow":["GET"]}}],"collection":[{"href":"https:\/\/dicahoje.com\/index.php\/wp-json\/wp\/v2\/pages"}],"about":[{"href":"https:\/\/dicahoje.com\/index.php\/wp-json\/wp\/v2\/types\/page"}],"author":[{"embeddable":true,"href":"https:\/\/dicahoje.com\/index.php\/wp-json\/wp\/v2\/users\/1"}],"replies":[{"embeddable":true,"href":"https:\/\/dicahoje.com\/index.php\/wp-json\/wp\/v2\/comments?post=16"}],"version-history":[{"count":3,"href":"https:\/\/dicahoje.com\/index.php\/wp-json\/wp\/v2\/pages\/16\/revisions"}],"predecessor-version":[{"id":37,"href":"https:\/\/dicahoje.com\/index.php\/wp-json\/wp\/v2\/pages\/16\/revisions\/37"}],"wp:attachment":[{"href":"https:\/\/dicahoje.com\/index.php\/wp-json\/wp\/v2\/media?parent=16"}],"curies":[{"name":"wp","href":"https:\/\/api.w.org\/{rel}","templated":true}]}}